1507 is divided by 345?
127
What is the remainder when 2482 is divided by 46?
44
Calculate the remainder when 741 is divided by 14.
13
Calculate the remainder when 116 is divided by 36.
8
Calculate the remainder when 1320 is divided by 7.
4
What is the remainder when 3014 is divided by 52?
50
What is the remainder when 336 is divided by 57?
51
What is the remainder when 517 is divided by 171?
4
Calculate the remainder when 343 is divided by 73.
51
What is the remainder when 2301 is divided by 381?
15
What is the remainder when 201 is divided by 129?
72
What is the remainder when 1483 is divided by 53?
52
What is the remainder when 495 is divided by 71?
69
Calculate the remainder when 339 is divided by 119.
101
Calculate the remainder when 480 is divided by 81.
75
Calculate the remainder when 119 is divided by 5.
4
What is the remainder when 833 is divided by 406?
21
What is the remainder when 135 is divided by 24?
15
Calculate the remainder when 172 is divided by 20.
12
What is the remainder when 587 is divided by 38?
17
What is the remainder when 1506 is divided by 372?
18
What is the remainder when 92 is divided by 35?
22
Calculate the remainder when 218 is divided by 19.
9
Calculate the remainder when 1148 is divided by 23.
21
Calculate the remainder when 704 is divided by 84.
32
Calculate the remainder when 382 is divided by 30.
22
What is the remainder when 586 is divided by 28?
26
Calculate the remainder when 419 is divided by 21.
20
Calculate the remainder when 213 is divided by 92.
29
Calculate the remainder when 695 is divided by 38.
11
What is the remainder when 74 is divided by 7?
4
What is the remainder when 778 is divided by 127?
16
What is the remainder when 89 is divided by 73?
16
Calculate the remainder when 503 is divided by 36.
35
Calculate the remainder when 154 is divided by 31.
30
What is the remainder when 2840 is divided by 944?
8
What is the remainder when 1466 is divided by 164?
154
Calculate the remainder when 4365 is divided by 39.
36
Calculate the remainder when 41 is divided by 15.
11
Calculate the remainder when 89 is divided by 16.
9
What is the remainder when 269 is divided by 69?
62
What is the remainder when 257 is divided by 43?
42
What is the remainder when 1376 is divided by 153?
152
Calculate the remainder when 717 is divided by 48.
45
What is the remainder when 1538 is divided by 19?
18
What is the remainder when 187 is divided by 37?
2
Calculate the remainder when 3769 is divided by 64.
57
Calculate the remainder when 680 is divided by 61.
9
Calculate the remainder when 900 is divided by 124.
32
Calculate the remainder when 104 is divided by 54.
50
What is the remainder when 174 is divided by 26?
18
Calculate the remainder when 1315 is divided by 88.
83
What is the remainder when 2134 is divided by 51?
43
What is the remainder when 741 is divided by 363?
15
Calculate the remainder when 106 is divided by 37.
32
What is the remainder when 167 is divided by 159?
8
What is the remainder when 770 is divided by 97?
91
Calculate the remainder when 44 is divided by 8.
4
Calculate the remainder when 304 is divided by 144.
16
Calculate the remainder when 610 is divided by 68.
66
What is the remainder when 523 is divided by 35?
33
Calculate the remainder when 1864 is divided by 931.
2
What is the remainder when 88 is divided by 23?
19
Calculate the remainder when 1711 is divided by 26.
21
What is the remainder when 221 is divided by 38?
31
What is the remainder when 147 is divided by 10?
7
Calculate the remainder when 723 is divided by 46.
33
Calculate the remainder when 580 is divided by 17.
2
What is the remainder when 232 is divided by 216?
16
What is the remainder when 2249 is divided by 45?
44
What is the remainder when 3329 is divided by 222?
221
Calculate the remainder when 215 is divided by 36.
35
Calculate the remainder when 1041 is divided by 9.
6
Calculate the remainder when 1580 is divided by 23.
16
What is the remainder when 874 is divided by 173?
9
Calculate the remainder when 794 is divided by 390.
14
What is the remainder when 50219 is divided by 27?
26
What is the remainder when 5373 is divided by 84?
81
What is the remainder when 665 is divided by 17?
2
Calculate the remainder when 934 is divided by 931.
3
What is the remainder when 51 is divided by 42?
9
Calculate the remainder when 893 is divided by 42.
11
What is the remainder when 1290 is divided by 68?
66
What is the remainder when 56 is divided by 36?
20
Calculate the remainder when 2030 is divided by 68.
58
Calculate the remainder when 46 is divided by 11.
2
Calculate the remainder when 4407 is divided by 2194.
19
What is the remainder when 65 is divided by 22?
21
What is the remainder when 369 is divided by 58?
21
What is the remainder when 373 is divided by 17?
16
Calculate the remainder when 185 is divided by 27.
23
What is the remainder when 357 is divided by 120?
117
What is the remainder when 833 is divided by 38?
35
What is the remainder when 118 is divided by 30?
28
What is the remainder when 319 is divided by 81?
76
Calculate the remainder when 650 is divided by 82.
76
Calculate the remainder when 62 is divided by 14.
6
What is the remainder when 259 is divided by 22?
17
What is the remainder when 378 is divided by 128?
122
Calculate the remainder when 1194 is divided by 64.
42
What is the remainder when 5007 is divided by 10?
7
Calculate the remainder when 166 is divided by 94.
72
What is the remainder when 1014 is divided by 157?
72
What is the remainder when 611 is divided by 322?
289
Calculate the remainder when 52 is divided by 9.
7
What is the remainder when 150 is divided by 59?
32
What is the remainder when 353 is divided by 62?
43
Calculate the remainder when 2703 is divided by 675.
3
Calculate the remainder when 1208 is divided by 110.
108
Calculate the remainder when 5480 is divided by 13.
7
What is the remainder when 199 is divided by 85?
29
Calculate the remainder when 489 is divided by 188.
113
Calculate the remainder when 165 is divided by 24.
21
Calculate the remainder when 239 is divided by 118.
3
What is the remainder when 27 is divided by 9?
0
Calculate the remainder when 2302 is divided by 178.
166
Calculate the remainder when 30 is divided by 12.
6
What is the remainder when 254 is divided by 227?
27
What is the remainder when 453 is divided by 74?
9
Calculate the remainder when 1334 is divided by 79.
70
Calculate the remainder when 2225 is divided by 317.
6
Calculate the remainder when 2013 is divided by 252.
249
What is the remainder when 142 is divided by 11?
10
What is the remainder when 395 is divided by 49?
3
What is the remainder when 21 is divided by 13?
8
What is the remainder when 36 is divided by 12?
0
Calculate the remainder when 281 is divided by 32.
25
Calculate the remainder when 644 is divided by 16.
4
Calculate the remainder when 831 is divided by 17.
15
What is the remainder when 221 is divided by 19?
12
What is the remainder when 719 is divided by 66?
59
Calculate the remainder when 250 is divided by 4.
2
What is the remainder when 363 is divided by 346?
17
Calculate the remainder when 13819 is divided by 18.
13
Calculate the remainder when 85 is divided by 80.
5
Calculate the remainder when 5857 is divided by 29.
28
What is the remainder when 3097 is divided by 227?
146
Calculate the remainder when 5205 is divided by 346.
15
Calculate the remainder when 922 is divided by 10.
2
Calculate the remainder when 589 is divided by 118.
117
Calculate the remainder when 9097 is divided by 182.
179
Calculate the remainder when 148 is divided by 5.
3
What is the remainder when 328 is divided by 13?
3
What is the remainder when 127 is divided by 7?
1
What is the remainder when 129 is divided by 6?
3
What is the remainder when 139 is divided by 16?
11
What is the remainder when 3753 is divided by 344?
313
Calculate the remainder when 388 is divided by 100.
88
What is the remainder when 974 is divided by 55?
39
What is the remainder when 205 is divided by 71?
63
What is the remainder when 203 is divided by 23?
19
Calculate the remainder when 418 is divided by 84.
82
Calculate the remainder when 1293 is divided by 18.
15
Calculate the remainder when 654 is divided by 41.
39
Calculate the remainder when